e ten millions digit of 30577276?
3
What is the hundred thousands digit of 544359421?
3
What is the units digit of 156479937?
7
What is the hundred thousands digit of 71418113?
4
What is the ten millions digit of 62958835?
6
What is the ten millions digit of 113452208?
1
What is the units digit of 574941386?
6
What is the hundreds digit of 76723581?
5
What is the hundred millions digit of 3440875027?
4
What is the ten thousands digit of 258170670?
7
What is the millions digit of 408884739?
8
What is the tens digit of 102752364?
6
What is the hundred millions digit of 184010439?
1
What is the hundred thousands digit of 2701953132?
9
What is the ten millions digit of 35600971?
3
What is the hundred thousands digit of 4644609?
6
What is the millions digit of 56766865?
6
What is the thousands digit of 4254491044?
1
What is the hundred thousands digit of 571365382?
3
What is the hundred thousands digit of 81004732?
0
What is the hundreds digit of 16692047?
0
What is the units digit of 548405172?
2
What is the tens digit of 942014210?
1
What is the ten millions digit of 576392362?
7
What is the tens digit of 1953867432?
3
What is the ten millions digit of 30467524?
3
What is the ten thousands digit of 3473473493?
7
What is the ten millions digit of 127073663?
2
What is the ten millions digit of 171612786?
7
What is the thousands digit of 2356749796?
9
What is the hundred millions digit of 1782424344?
7
What is the hundreds digit of 461217276?
2
What is the ten millions digit of 91898215?
9
What is the millions digit of 604283070?
4
What is the ten millions digit of 97130412?
9
What is the tens digit of 415644312?
1
What is the hundred thousands digit of 37250859?
2
What is the units digit of 3400889511?
1
What is the ten thousands digit of 1226292516?
9
What is the millions digit of 136613557?
6
What is the tens digit of 4252763169?
6
What is the hundred millions digit of 681964590?
6
What is the units digit of 159563285?
5
What is the hundred millions digit of 809732027?
8
What is the hundred thousands digit of 2592503436?
5
What is the thousands digit of 7681280?
1
What is the billions digit of 2250764488?
2
What is the millions digit of 27059217?
7
What is the tens digit of 462668756?
5
What is the hundred millions digit of 117595639?
1
What is the ten thousands digit of 48098991?
9
What is the ten thousands digit of 3657941361?
4
What is the hundred thousands digit of 654692428?
6
What is the thousands digit of 1345374982?
4
What is the units digit of 311188724?
4
What is the hundred thousands digit of 47813744?
8
What is the ten thousands digit of 476878127?
7
What is the millions digit of 48554521?
8
What is the hundreds digit of 829573137?
1
What is the hundreds digit of 26365199?
1
What is the thousands digit of 459305847?
5
What is the ten millions digit of 2383169135?
8
What is the tens digit of 2983667557?
5
What is the millions digit of 54716937?
4
What is the ten thousands digit of 195806692?
0
What is the units digit of 127068526?
6
What is the ten thousands digit of 62434687?
3
What is the tens digit of 360421383?
8
What is the millions digit of 400658928?
0
What is the thousands digit of 207960758?
0
What is the hundreds digit of 4475339074?
0
What is the ten thousands digit of 59557889?
5
What is the millions digit of 97588625?
7
What is the millions digit of 152802951?
2
What is the millions digit of 3948223852?
8
What is the tens digit of 2847981408?
0
What is the thousands digit of 445423555?
3
What is the hundred millions digit of 767085485?
7
What is the hundred thousands digit of 463789340?
7
What is the hundreds digit of 577093276?
2
What is the thousands digit of 11108485?
8
What is the ten thousands digit of 10691482?
9
What is the hundred millions digit of 1393870269?
3
What is the ten millions digit of 97093441?
9
What is the hundred millions digit of 292911044?
2
What is the thousands digit of 2409563843?
3
What is the hundred thousands digit of 603263775?
2
What is the tens digit of 190464899?
9
What is the hundred thousands digit of 18657870?
6
What is the thousands digit of 257550345?
0
What is the thousands digit of 5725091611?
1
What is the hundred thousands digit of 112763919?
7
What is the hundreds digit of 137885290?
2
What is the thousands digit of 570375097?
5
What is the thousands digit of 281273324?
3
What is the ten thousands digit of 3037081325?
8
What is the millions digit of 239758434?
9
What is the ten thousands digit of 815261405?
6
What is the hundreds digit of 82953542?
5
What is the ten thousands digit of 1075235273?
3
What is the thousands digit of 62686626?
6
What is the ten millions digit of 70453423?
7
What is the tens digit of 902900387?
8
What is the hundreds digit of 1009755520?
5
What is the billions digit of 2298471630?
2
What is the ten thousands digit of 25300236?
0
What is the hundred thousands digit of 5141528692?
5
What is the thousands digit of 6709133717?
3
What is the units digit of 79430761?
1
What is the hundred thousands digit of 221564815?
5
What is the thousands digit of 475496838?
6
What is the millions digit of 33141216?
3
What is the ten millions digit of 64655179?
6
What is the ten millions digit of 111980276?
1
What is the units digit of 3821752408?
8
What is the ten thousands digit of 1391947017?
4
What is the units digit of 334973630?
0
What is the thousands digit of 22469768?
9
What is the hundred thousands digit of 828145694?
1
What is the thousands digit of 282592445?
2
What is the hundred millions digit of 568694601?
5
What is the units digit of 19606910?
0
What is the thousands digit of 1251652972?
2
What is the units digit of 53172637?
7
What is the millions digit of 726464616?
6
What is the ten millions digit of 60075304?
6
What is the ten millions digit of 653184478?
5
What is the hundred thousands digit of 24571428?
5
What is the tens digit of 87971117?
1
What is the millions digit of 687906791?
7
What is the ten millions digit of 145969724?
4
What is the hundred millions digit of 824648297?
8
What is the ten millions digit of 218132208?
1
What is the hundred thousands digit of 605379053?
3
What is the millions digit of 640402995?
0
What is the thousands digit of 197513152?
3
What is the hundred thousands digit of 155176383?
1
What is the hundred millions digit of 163794422?
1
What is the units digit of 82814003?
3
What is the tens digit of 71870214?
1
What is the ten thousands digit of 617063268?
6
What is the thousands digit of 247694202?
4
What is the hundred millions digit of 131885100?
1
What is the hundred thousands digit of 891240893?
2
What is the tens digit of 582079320?
2
What is the hundreds digit of 711525359?
3
What is the billions digit of 1097606699?
1
What is the ten thousands digit of 43115658?
1
What is the thousands digit of 158146015?
6
What is the hundreds digit of 8382621?
6
What is the ten thousands digit of 325270851?
7
What is the billions digit of 9329555925?
9
What is the units digit of 396071862?
2
What is the units digit of 1120276921?
1
What is the thousands digit of 134463171?
3
What is the ten millions digit of 32387772?
3
What is the hundred thousands digit of 321054631?
0
What is the hundred thousands digit of 154138259?
1
What is the ten millions digit of 17558142?
1
What is the ten thousands digit of 43384493?
8
What is the ten millions digit of 201712822?
0
What is the hundreds digit of 2242839910?
9
What is the hundreds digit of 1407713267?
2
What is the tens digit of 116653632?
3
What is the tens digit of 89342403?
0
What is the tens digit of 836494?
9
What is the hundreds digit of 386839576?
5
What is the hundreds digit of 347124774?
7
What is the hundred thousands digit of 2904908820?
9
What is the ten millions digit of 106405095?
0
What is the millions digit of 70394072?
0
What is the hundred thousands digit of 677768273?
7
What is the hundred thousands digit of 450131562?
1
What is the millions digit of 518672270?
8
What is the tens digit of 81908096?
9
What is the hundreds digit of 4778101760?
7
What is the ten thousands digit of 526148786?
4
What is the ten millions digit of 20319053?
2
What is the thousands digit of 3111878067?
8
What is the millions digit of 928234044?
8
What is the hundred thousands digit of 69